the prime factors of (-88865)/(-70) + 6/d.
31, 41
List the prime factors of -3 - (3 + 100)/((-5)/105).
2, 3, 5
Let p = 14218 + -6660. List the prime factors of p.
2, 3779
Let o(w) = -69*w**2 + 4*w - 1. Let c(x) = 70*x**2 - 3*x. Let j(h) = 5*c(h) + 4*o(h). List the prime factors of j(2).
2, 3, 7
Suppose 19*x = 11*x + 24. What are the prime factors of (-3328)/(-10) + x/(15/(-4))?
2, 83
Let m(w) = -4*w**3 + w**2. Let x be m(-1). Let v(b) = 97*b + 57. What are the prime factors of v(x)?
2, 271
Let s be -5*(5 - (-14658)/(-15)) + 2. Suppose 11*t = s + 4949. What are the prime factors of t?
2, 223
List the prime factors of (-2)/(-8) + (-3 - -5 - 47155/(-4)).
13, 907
Suppose 2*c = 4*z - 2304, 2*c + 2298 = -29*z + 31*z. Let n = -263 - c. List the prime factors of n.
883
List the prime factors of 8134*(-1)/(-3)*(-1596)/(-152).
7, 83
Let f(b) = 125*b**3 - 11*b**2 + 125*b - 13. List the prime factors of f(8).
64283
Let u = 83 + -76. Suppose u*v - 6*v + c = -6, 2*v - c = -3. List the prime factors of ((-16)/40)/(v/450).
2, 3, 5
Suppose 491113 = -160*z + 177*z. List the prime factors of z.
7, 4127
Let l = 1881 + 1459. What are the prime factors of l?
2, 5, 167
Suppose s - 12 - 3 = 0. Let h = s + 11. What are the prime factors of h?
2, 13
Suppose -3*a + 52614 = 10*y - 9*y, -y = -5*a + 87674. List the prime factors of a.
2, 137
Let n(s) = s**3 - s**2 + 30*s + 10. Let i be n(-6). Let w = 170 - i. What are the prime factors of w?
2, 37
Suppose -3*h - 4*l = -39961, 3*l - 13322 = 60*h - 61*h. What are the prime factors of h?
19, 701
Suppose -5*s + 19728 = 3*w - 0*s, -13152 = -2*w - 5*s. List the prime factors of w.
2, 3, 137
Suppose 11*m - 10*m = 432. Suppose 0 = z - 5*z - m. Let n = z - -174. List the prime factors of n.
2, 3, 11
Suppose -4*g + 0*u = u + 1731, 5*g = -u - 2165. Let s = 2245 + -2866. Let x = g - s. List the prime factors of x.
11, 17
Suppose -60 = -6*n + 12. Let k(c) = -c**3 - 4*c**2 - 3*c + 2. Let s be k(-4). Let o = s - n. List the prime factors of o.
2
Let c be (-57)/(-21) - (-2)/7. Let a(k) be the first derivative of 23*k**2 + 13*k - 669. What are the prime factors of a(c)?
151
Let h(m) = -m**2 + 12*m + 21. Let r be h(-2). What are the prime factors of (510/8)/((35/(-40))/r)?
2, 3, 5, 17
Suppose 5*a + k = 2*k + 58, 0 = -3*a + k + 36. What are the prime factors of -3 + a*(31 - 1)?
3, 109
Let c(t) = t**3 - 21*t**2 - 21*t + 7. Suppose 7 - 15 = -4*z. Let b = 24 - z. List the prime factors of c(b).
29
Let k = 8660 + 7120. List the prime factors of k.
2, 3, 5, 263
Let t(o) = o**3 + 84*o**2 + 511*o + 337. What are the prime factors of t(-62)?
3, 113, 157
Let z(n) = n**3 - 9*n**2 - 11. Let q be z(9). Let o(s) = -s**3 - 11*s**2 - s - 6. Let f be o(q). List the prime factors of (f/(-3))/5*(-84)/2.
2, 7
Suppose 0 = 61*u + 5096 - 1082173. List the prime factors of u.
17657
Let h = -190 - -5753. What are the prime factors of h?
5563
Let h = 121936 + -43456. What are the prime factors of h?
2, 3, 5, 109
Let s = 26590 + -13196. List the prime factors of s.
2, 37, 181
Suppose 0 = 2*j + 295 - 261. List the prime factors of (j/4)/(5/(-180)).
3, 17
Suppose v - 3286 = -p + 3202, 3*p + 19470 = 3*v. List the prime factors of v.
3, 7, 103
Let b be 1*-6*1*-2. Suppose 3*l + 3*x = 159, 3*l = -0*x + 2*x + 134. What are the prime factors of b/10*800/l?
2, 5
Let s(v) = -v**3 + 6*v**2 + 8*v - 20. Let b(h) = h. Let k(i) = 4*b(i) - s(i). What are the prime factors of k(10)?
2, 5, 19
Let p(t) = -2*t**3 - 1. Let u be p(1). Let w be 172/u + (-6)/9. Let n = -26 - w. List the prime factors of n.
2
Let a(o) be the second derivative of 3/2*o**5 - 14*o + 0*o**2 + 0 + 1/6*o**4 - 1/2*o**3. List the prime factors of a(2).
2, 11
Let l(z) = 87*z - 6659. What are the prime factors of l(79)?
2, 107
Let s be -24 - 1*-1*1. Suppose -t + 206 = 94*r - 96*r, 4*r - 4 = 0. Let a = t + s. What are the prime factors of a?
5, 37
Suppose -7*l + 12*l = 0. Suppose l = i - 2 - 1. Suppose -2*c - 28 = -i*c. List the prime factors of c.
2, 7
Let v(b) = b**3 + 36*b**2 - 62*b + 8. List the prime factors of v(-36).
2, 5, 7
Let d(b) = 5*b**2 + 31*b - 335. List the prime factors of d(-33).
61, 67
Suppose -1911864 = -99*m + 504006 + 221787. List the prime factors of m.
3, 83, 107
Let t = 25 + -21. Suppose -1012 = -t*q - 2*f, 7*q = 2*q - 3*f + 1265. List the prime factors of q.
11, 23
Let j(v) = v**2 + 12*v + 29. Let l be 0 + -13 + 4/5*5. Let h be j(l). Suppose h*w = 2*m - 528, 2*m - 3*w = -5*w + 516. List the prime factors of m.
3, 29
Let v(n) be the first derivative of -4 - 5/3*n**3 - 7/4*n**4 + 0*n - 1/2*n**2. What are the prime factors of v(-2)?
2, 19
Suppose 2*o = -u + 6*u + 20, 5*o - 4*u - 33 = 0. Let w(b) be the first derivative of 9*b**2 - 12*b + 2. List the prime factors of w(o).
2, 3, 13
Let y = 14 + 43. Let b(m) = -31*m - 959. Let f be b(-31). Let i = f + y. List the prime factors of i.
59
Suppose q - 153 = -4*d, 0*q + 3 = -q. Let g = 39 - d. Let a = g - -100. What are the prime factors of a?
2, 5
Let n(h) = 6*h**2 - 25 - 4 + 4 - 2*h + 0. What are the prime factors of n(11)?
7, 97
Let r be 4*(1 + (-12)/16). Let p be 4 + (-3)/r*2. List the prime factors of (-3)/p*(-492)/(-9).
2, 41
What are the prime factors of (12 + 18/63 + (-38)/(-14))*78?
2, 3, 5, 13
Let j(b) = -b**2 - 14*b - 21. Let p = 57 + -69. Let h be j(p). Suppose s - h*s - 460 = -4*u, 575 = 5*u - s. List the prime factors of u.
5, 23
Let d(v) = 639*v**2 - 12*v - 12. Suppose -12*o + 18 = -30*o. List the prime factors of d(o).
3, 71
Let h(t) be the second derivative of -2/3*t**3 + 31*t + 1/20*t**5 + 0 - 8*t**2 + 3/4*t**4. List the prime factors of h(-7).
2, 5, 11
Suppose -2 = -10*y + 8*y. What are the prime factors of -1 + (4 + 789)/y?
2, 3, 11
Suppose 73*i - 194*i = -2370753. List the prime factors of i.
3, 7, 311
Suppose 11 = d + 5*x, -d - 3*x + 13 = -2*d. List the prime factors of 30/45*(-30)/d + 341.
2, 173
Let n be 3*(-6)/63*77/(-11). Let k(r) = -1 + 9 + 8*r**2 - 3*r + 0. List the prime factors of k(n).
2, 17
What are the prime factors of (-1*1*(-1)/1)/(13/44109)?
3, 13, 29
Suppose -5*j + 2*y + 5819 = 0, -3*j + 1146 = 2*y - 2339. What are the prime factors of j?
1163
Let l(y) = 12*y**2 + y + 72. What are the prime factors of l(19)?
4423
Let x(u) = u**3 + 17*u**2 + 16*u + 9. Let k be x(-16). Suppose -k*o = -7178 - 3082. What are the prime factors of o?
2, 3, 5, 19
Let g(t) = -260*t + 127. Let h be -2 + (7 + -1)/(-6). What are the prime factors of g(h)?
907
Suppose -5*l - 67*u = -70*u - 183306, -l - 3*u + 36654 = 0. What are the prime factors of l?
2, 3, 5, 13, 47
Let w(p) = -p**2 - 377*p + 20. What are the prime factors of w(-126)?
2, 15823
Suppose j - 190*s + 194*s = 13883, -3*s + 13876 = j. What are the prime factors of j?
5, 17, 163
Let o = 7224 - 2725. List the prime factors of o.
11, 409
Let y(m) = m**3 + 2*m**2 + 4*m - 5. Let p be y(2). Let s(u) = u**2 + 3*u - 57. List the prime factors of s(p).
19
Let w be (-8)/(-6) - (-4)/6. Suppose y - 258 = -p, w*y - 7*y + p = -1266. Let g = y + -92. List the prime factors of g.
2, 3
Let p(a) = -65*a + 85. Let t(j) = 130*j - 169. Let f(v) = 7*p(v) + 4*t(v). List the prime factors of f(9).
2, 3, 7
Suppose -14*r - 27 = -17*r. Suppose -2*q + 6 = q, 3*q + r = -5*s. What are the prime factors of 4*(s - -19)*1?
2
Let h(k) = k**2 + 10*k - 20. Let r be h(-12). Let n(t) = -t**3 + 5*t**2 - t + 1. Let y be n(r). Let c = y - 9. List the prime factors of c.
2
Suppose 1124 = -2*p + 5*k + 35568, 4*k + 16 = 0. List the prime factors of p.
2, 13, 331
Suppose -111*z = 17*z - 221568. List the prime factors of z.
3, 577
Suppose -2*f = 5*x - 301 - 460, -5*f + x = -1835. Suppose 0*r - 4*r + f = z, 16 = -4*z. List the prime factors of r.
3, 31
What are the prime factors of ((-650000)/125)/(0 + -1)?
2, 5, 13
Let k(w) = 40*w**3 + 3*w**2 + 7*w + 5. Let a(r) = 200*r**3 + 16*r**2 + 36*r + 24. Let q(m) = 2*a(m) - 11*k(m). What are the prime factors of q(-3)?
13, 83
Suppose -6*n + n = -20, 0 = -2*i - 3*n + 18. Suppose -i*r - 5*m + 4 = -9, -3*r - 3 = -3*m. List the prime factors of 0 - (r - 1) - -53.
53
Let q(n) = -n**2 - 8*n - 24. Let o be ((-16)/6 + 2)/(6/27). Let b be q(o). Let x = 56 - b. List the prime factors of x.
5, 13
Let g = -6 + 27. Let b be 111/g - 6/21. Let j = 106 - b. What are the prime factors of j?
101
Let k